
What is (100 + -59 - (18 - -2)) + -3?
18
What is the value of -5 + -3 + 1 - (30 - (100 + -6))?
57
11 - (25 - 7 - -5) - (0 + -22) - -27
37
Calculate (-6 - -1) + 8 + -10 + -13.
-20
What is the value of 511 + -509 + (5 - (2 + 1 - (5 + -2)))?
7
What is the value of 35 - 178 - (-4 - 19)?
-120
Evaluate 20 - (1 - (15 + -27 + -33)).
-26
-22 + 32 - (-1 - 0) - (-77 + 44 + 26)
18
-5 - (-7 - -3) - (37 - (17 - 21))
-42
29 - (-12 - 0 - (-39 + 0 - -9 - -22))
33
(-20 + 5 - ((51 - 53) + 1 + -16)) + -25
-23
50 + -230 + 230 + -19 + 0 + -3
28
Evaluate 20 + (-2 - (-7 + 3)) + (-6 - 0).
16
What is the value of 87 + (-8 + 27 - 11) + -22?
73
What is the value of -197 + 195 - (-2 - (-19 - 0) - 5)?
-14
What is (13 - 32 - -39) + -35?
-15
What is the value of -1 + -39 - (1687 + -1695)?
-32
(-17 + (34 - 29) - 6) + (-6 - -1)
-23
Calculate (73 - 117 - -50) + -3 + 0 + 115 + 9.
127
Calculate (13 - 2) + -17 + (6 - (8 - 32)).
24
What is the value of 4 + -3 - ((-7 - (-9 + (-17 - 2))) + -11)?
-9
What is the value of -26 - ((12 - -2) + -2 - 9)?
-29
Evaluate 12 + 18 + -54 - -53.
29
What is the value of -6 + 77 - (257 + -131)?
-55
What is -59 + (26 - (5 - -8)) + -11 + 2?
-55
-3 - (-8 + (-25 - -32 - (30 + -1)) + 1)
26
45 - (0 + 14 - (30 - (25 + -2)))
38
Evaluate (-25 - 21 - -41) + (1 + -1 - -19) - -2.
16
What is the value of (18 - 6) + -18 + (3 - (-18 - -59))?
-44
What is the value of 42 + 3 - (-645 - -707)?
-17
Calculate -2 + 1 + 12 + (266 - 440 - -47).
-116
What is 134 + (3 - 69) + -5?
63
What is the value of (-1 - 3) + 7 + 10 + -13 + 13?
13
What is -101 + -2 + 352 + -293?
-44
Evaluate (1 - 3) + (-5 - 132) + (5 - (309 - 307)).
-136
What is 138 + -108 + -24 - (-1 + 132)?
-125
Calculate 23 + -1 + -24 + 86 + -54 - (2 - -2).
26
What is the value of (-50 - -27) + 19 + 41?
37
What is the value of (203 - 94) + -38 - 105?
-34
Evaluate 2 + (-3 - 2) + (0 - 10) + (2038 - 2042).
-17
Evaluate (-14019 - -14021) + 2 + 45 + 0.
49
-13 + 13 + -29 - (0 + -1 + 3 - -4)
-35
Evaluate 15 - (18 - -2) - (5 + (5 - -2) + -20).
3
Evaluate 6 - (11 - 22) - 32 - -61.
46
What is 140 + -113 + 176 + -101?
102
What is 32 - (34 - (-21 + 32 + 33))?
42
Calculate 44 + 46 + -211 + 71.
-50
What is the value of 69 + -32 + -101 + 155?
91
Evaluate -10 + -6 - (4 + (-2 - 9) - -8).
-17
What is (-71 - -2) + -3 - (-171 - -210)?
-111
Evaluate 10 + -8 + 14 + (13 - 25) + 17 + -27.
-6
Calculate (-2 - -7) + -15 + -14 + (-1 - -4 - 0).
-21
31 - (78 + (31 - 56)) - (-7 - 1)
-14
Evaluate -18 + -4 + 7 - 16 - (11 + (6 - 17)).
-31
Calculate ((-2 - -9) + -13 - 17) + 52.
29
Calculate -101 + (81 - (-102 - -140)).
-58
What is the value of -23 + (28 - (-47 - -65)) + -42?
-55
Evaluate -3 + 0 - (21 - (1 + 25 + 6) - 74).
82
-7 + -51 + (8 - (-23 + 21) - (25 + -2))
-71
What is the value of 23 - 19 - (15 + -26 + 18)?
-3
Evaluate 48 - 6 - (60 - 0).
-18
What is -17 + (-63 - -27) + 5?
-48
Evaluate 1458 - 1459 - (-4 - 1 - -116).
-112
-11 - (1 + 0) - (-250 - -208) - -13
43
(-27 - 9) + (-13 + 14 + -4 - 4)
-43
What is 5 + 21 + 44 + -42 + 6?
34
Calculate -32 + (32 - 58) + 35.
-23
What is the value of (79 - 16) + (-194 - -86)?
-45
Evaluate 8 + (3 - 1 - (0 - (5 - 1))).
14
Calculate (50 + -5 - (-2 + 9)) + -28 + 11 + 13.
34
-10 + (-6 - (55 + -12 + -9)) - -11
-39
-1 + (-2 - 2 - (-1 + -2 + 765 + -672))
-95
What is the value of (267 + -261 - (2 + -1 - -2)) + 6?
9
Evaluate (41 - -120) + -128 + -26.
7
What is the value of (-50 - 2) + 48 + -2?
-6
16 + 1 - (-144 + 315 + -251)
97
Evaluate -12 + -3 - ((2 - -6 - -1) + -65).
41
Evaluate -9 + -7 + 299 + -310 + (-2 + 4 - -2).
-23
-7 + -44 - (-279 + 193)
35
Evaluate 8 + -47 - 21 - -29.
-31
What is the value of (0 - (-2 + 2)) + (-1253 - -1272 - (-1 - -32))?
-12
What is the value of 122 + (49 - (-7 + 202))?
-24
What is -16 - ((31 - (-45 - -34)) + -4)?
-54
Evaluate -22 - -13 - -39 - -43.
73
Evaluate 1 + (3 - (-10 + 3)) + -2 + 1 + 1.
11
1 + -39 + -24 + (27 - (2 - -8) - 3)
-48
11 + -37 + 33 + -2
5
-3 + (17 - 16 - -7) - -17
22
What is the value of -177 + 1561 + -1556 + (15 - 0)?
-157
Calculate -64 - -32 - (-12 - -10 - 37).
7
2 + 7 + (-4 - 8) - (-25 + -6 + 11)
17
What is the value of 29 + (-8 - 34) + -18?
-31
-2 - -11 - (129 + -148) - 2
26
Evaluate (-158 + 145 - -13) + 48.
48
(27 - 26) + 68 + 2 + 4 + 4
79
What is -74 + -8 + 92 - (59 + 2)?
-51
Evaluate (21 - -115) + (-4 - (24 - 6)).
114
(-311 - -290) + 81 + (6 - (3 + -3))
66
Evaluate (24 + 1 + -59 + 55 - 6 - -10) + -8.
17
Evaluate 26 - -3 - (325 + -357).
61
What is the value of -53 + -5 - (1388 - 1513)?
67
Calculate (1 - 111) + -69 + 8 + 92.
-79
What is the value of (-4 - 0) + -45 + 193 + -18 + -160?
-34
What is the value of (2 + 1 - (-6 - (-9 + -1))) + 564 + -450?
113
What is 85 + (-157 - -80) + (-65 - 4) + -1 + -3?
-65
-17 - ((0 - 22) + -18 - -11) - 69
-57
What is -48 + 6 - (18 + (-7 + 15 - 14))?
-54
Evaluate 3 + -2 + (44 - (30 - 30 - (7 - 2))).
50
What is the value of (-6 + (-1 - 1) + 44 - 7) + -4 + 14?
39
What is the value of -39 + -1 + -7 + -6 + -9 + 16?
-46
(13 - 3 - -127) + (-16 - -16 - -14 - 13)
138
-105 + (-7 + -56 - -122)
-46
What is -391 - -510 - (6 - ((2 - 7) + -2))?
106
What is -1 + 1 - ((3 - 0 - (-66 + -20)) + -14)?
-75
Calculate -6 + 10 + 60 + -15 + -10.
39
Calculate -77 - (-103 - -49) - 53.
-76
What is 1 + -38 + 36 + 91 + (0 - 6) + 5?
89
What is -60 + 60 - 69 - -15?
-54
Calculate -8 + -10 + 1 + 20 - (-38 - 3).
44
-21 - ((133 - 143) + -112 + 1 + -25)
125
Evaluate 21 - (73 + -64 + (3 - 4)).
13
What is the value of (-2 - -19 - (-4 - -3)) + -113 + 18?
-77
Calculate 22 - -93 - 43 - 40.
32
Evaluate -339 + 319 - (-155 - -1 - (35 + -37)).
132
What is 2 + 6 - (59 + 35 + -44 + -5)?
-37
What is (-20 - -50) + (51 - 30)?
51
36 - ((-238 - -246) + 0 + -20)
48
Calculate 19 + -19 + -15 + (-11 - -22).
-4
Evaluate 71 + -81 - (-118 + 3 - -11 - 11).
105
Evaluate -6 - (-20 + (69 - 5)).
-50
Calculate 11 - (33 - ((0 - 23) + 8)).
-37
-19 + (-80 - -146) + 15
62
What is 34 - (1 + -4) - (12 - 5)?
30
-87 - -58 - (-7 + -23 + -10)
11
Evaluate 11 - (-56 + (14 - -12) + 30).
11
What is the value of (-6 - -58) + (182 - 226)?
8
What is (343 + -326 - (-1 + 26)) + (3 - 1) + 0?
-6
Evaluate 0 + -21 + 10 - -8 - 16.
-19
Calculate (160 - 144) + (3 + -1 - -1).
19
Evaluate (59 - 99 - 64) + 23.
-81
What is the value of 1 + -61 + 9 + 95?
44
What is (-26 - -59) + 7 + -44?
-4
What is (10 - (5 + 2)) + (-5 - -11) + (1 - 58)?
-48
What is the value of (3 - (-13 + 8)) + 2 + -119?
-109
What is the value of 23 + 103 + (315 - 391)?
50
Calculate -1 - (-1 + 6) - (-3426 - -3373).
47
203 - 195 - (-1 + -3) - (-48 - (10 - 8))
62
What is the value of 50 + (-15 - (-24 - -22))?
37
What is the value of -38 + 176 - (210 - 149)?
77
What is -6 + (-10 - -8) - 10 - 3?
-21
Evaluate -2 + -1 - ((38 - ((17 - 5) + -18)) + 6).
-53
(50 - 78 - -41) + -41
-28
What is the value of (8 - (40 - 29)) + 1 + (0 - -4)?
2
Evaluate (26 - 18) + 4 + -34 + -6.
-28
Evaluate 105 - 16 - (326 - 289).
52
What is -3 + 50 + -7 - ((23 - 17) + (-1 - -5))?
30
Calculate 33 + (-2 - (4 + 2 - (8 - (-13 + 13)))).
33
Calculate 9 + -148 + (-9 - 0) + -40 + 41 + 13.
-134
What is -115 - -36 - (31 + -133)?
23
Calculate 35 - (-33 - (34 + -140)) - 41.
-79
Calculate 101 + (146 + -75 - 174).
-2
Calculate (17 - -1) + (-92 - -66) + 12.
4
Calculate -2 + 2 - (-1 + 3) - (39 + -50) - -35.
44
-14 - (15 + -2 + -25 + 21)
-23
-102 - (101 + -109) - -181
87
1 + -1 + -3 - (-1 + -14 + -6 - -14)
4
What is the value of -59 + (5 - -29) + 71?
46
What is (-2 - -7) + -221 + 205 + -32?
-43
What is the value of 100 - (58 - (-45 - -111))?
108
Calculate -2 + 66 + (6 - -93 - 114).
49
Evaluate 52 - -47 - 95 - (-63 + 1).
66
What is 35 - ((-9 - -1 - -2) + (2219 - 2231))?
53
Calculate 6 + 7 + (35 - -8 - 6) + 11 + -8.
53
Evaluate -34 - -14 - (8 - 43).
15
What is the value of 47 - -1 - (6 - 6 - (-20 + 14 + -10))?
32
Calculate (141 + -78 + -59 - (-124 - (-2 - -2))) + 1.
129
What is the value of -35 + -33 + (3 - 17) + -1 + 6?
-77
What is 50 + (-1 + -11 - -31) + -34?
35
Calculate (5 + -7 - 4) + -8 - (-28 - 42).
56
Evaluate -3 + -493 + 551 + -12 + (0 - -3) + -2.
44
Calculate -19 - ((-85 - -58) + 34).
-26
What is the value of -1478 + 1483 - (-1 + (1 - -2))?
3
Evaluate 27 + (-18 - -110) + -69.
50
What is the value of 524 + -506 - (-13 + (4 - 1))?
28
Calculate 13 - (28 + -44) - (11 - 49).
67
What is the value of (0 - 7) 